{"id":18968,"date":"2026-01-22T15:47:20","date_gmt":"2026-01-22T12:47:20","guid":{"rendered":"https:\/\/packmarkt.com\/product\/pjate-e-ceket-terrakote-natyrale-1400ml\/"},"modified":"2026-01-22T15:47:20","modified_gmt":"2026-01-22T12:47:20","slug":"pjate-e-ceket-terrakote-natyrale-1400ml","status":"publish","type":"product","link":"https:\/\/packmarkt.com\/sq\/produkt\/pjate-e-ceket-terrakote-natyrale-1400ml\/","title":{"rendered":"Pjat\u00eb e cek\u00ebt terrakot\u00eb natyrale 1400ml"},"content":{"rendered":"<p>En\u00eb qeramike me cil\u00ebsi t\u00eb lart\u00eb, t\u00eb disponueshme n\u00eb nj\u00eb shum\u00ebllojshm\u00ebri nuancash ngjyrash me glazur\u00eb. Projektuar p\u00ebr p\u00ebrdorim praktik dhe q\u00ebndrueshm\u00ebri, t\u00eb p\u00ebrshtatshme p\u00ebr servirjen, prezantimin dhe ruajtjen e ushqimit. Ideale p\u00ebr ambiente profesionale, si restorante dhe kafene, por edhe p\u00ebr p\u00ebrdorim sht\u00ebpiak.  <\/p>\n<p><strong>Karakteristika dhe P\u00ebrfitime<\/strong><\/p>\n<ul>\n<li><strong>Shp\u00ebrndarje uniforme e nxeht\u00ebsis\u00eb:<\/strong> Mban temperatur\u00eb konstante, ideale p\u00ebr ruajtjen e freskis\u00eb s\u00eb ushqimit.<\/li>\n<li><strong>Ruajtje natyrale e lag\u00ebshtis\u00eb:<\/strong> Parandalon tharjen, duke i mbajtur ushqimet t\u00eb l\u00ebngshme dhe t\u00eb shijshme.<\/li>\n<li><strong>Ruajtja e l\u00ebnd\u00ebve ushqyese:<\/strong> Kontribuon n\u00eb ruajtjen e vitaminave dhe mineraleve.<\/li>\n<li><strong>Jo-toksicitet dhe siguri:<\/strong> Prodhuar nga materiale 100% natyrale, pa substanca t\u00eb d\u00ebmshme.<\/li>\n<li><strong>Efikasitet energjetik:<\/strong> Mban temperatur\u00ebn m\u00eb gjat\u00eb, duke reduktuar konsumin e energjis\u00eb.<\/li>\n<li><strong>Harmoni estetike dhe tradit\u00eb:<\/strong> Sjell ngroht\u00ebsi dhe eleganc\u00eb n\u00eb servirje dhe ruajtje.<\/li>\n<li><strong>Nd\u00ebrgjegj\u00ebsim ekologjik:<\/strong> Materiale t\u00eb riciklueshme dhe t\u00eb q\u00ebndrueshme, miq\u00ebsore me mjedisin.<\/li>\n<li><strong>Shum\u00ebfunksionalitet:<\/strong> E p\u00ebrshtatshme p\u00ebr p\u00ebrdorim n\u00eb furr\u00eb, pllak\u00eb gatimi, zjarr t\u00eb hapur dhe ruajtje ushqimi.<\/li>\n<li><strong>Q\u00ebndrueshm\u00ebri dhe jet\u00ebgjat\u00ebsi:<\/strong> Ideale p\u00ebr p\u00ebrdorim t\u00eb vazhduesh\u00ebm, afatgjat\u00eb sht\u00ebpiak dhe profesional.<\/li>\n<\/ul>\n<p><strong>Specifikime Teknike<\/strong><\/p>\n<ul>\n<li><strong>Finitura:<\/strong> glazur\u00eb e jashtme dhe e brendshme<\/li>\n<li><strong>Dimensionet:<\/strong> 28x2cm<\/li>\n<li><strong>Kapaciteti:<\/strong> 1400ml<\/li>\n<\/ul>\n<p><strong>Aplikimet<\/strong><\/p>\n<ul>\n<li>Servirje ushqimesh dhe \u00ebmb\u00eblsirash<\/li>\n<li>Prezantim i pjatave n\u00eb restorante, kafene dhe hotele<\/li>\n<li>P\u00ebrdorim n\u00eb sht\u00ebpi p\u00ebr tavolin\u00eb t\u00eb p\u00ebrditshme ose festive<\/li>\n<li>En\u00eb dekorative dhe ruajt\u00ebse<\/li>\n<\/ul>\n<p>&nbsp;<\/p>\n","protected":false},"excerpt":{"rendered":"<p><strong>Kodi:<\/strong> REF272<br \/>\n<strong>Finitura:<\/strong> glazur\u00eb e jashtme dhe e brendshme<br \/>\n<strong>Dimensionet:<\/strong> 28x2cm<br \/>\n<strong>Kapaciteti:<\/strong> 1400ml<br \/>\n<strong>Paketimi:<\/strong> 6 cop\u00eb \/ kuti<br \/>\n<strong>Cop\u00eb \/ palet\u00eb:<\/strong> 600 cop\u00eb<\/p>\n","protected":false},"featured_media":16029,"template":"","meta":[],"product_brand":[],"product_cat":[1298],"product_tag":[],"class_list":{"0":"post-18968","1":"product","2":"type-product","3":"status-publish","4":"has-post-thumbnail","6":"product_cat-seri-ceramic","7":"pa_finirisma-pilinou-standard-uniform","8":"ts_product_brand-regas","10":"first","11":"instock","12":"taxable","13":"shipping-taxable","14":"purchasable","15":"product-type-simple"},"aioseo_notices":[],"_links":{"self":[{"href":"https:\/\/packmarkt.com\/sq\/wp-json\/wp\/v2\/product\/18968","targetHints":{"allow":["GET"]}}],"collection":[{"href":"https:\/\/packmarkt.com\/sq\/wp-json\/wp\/v2\/product"}],"about":[{"href":"https:\/\/packmarkt.com\/sq\/wp-json\/wp\/v2\/types\/product"}],"wp:featuredmedia":[{"embeddable":true,"href":"https:\/\/packmarkt.com\/sq\/wp-json\/wp\/v2\/media\/16029"}],"wp:attachment":[{"href":"https:\/\/packmarkt.com\/sq\/wp-json\/wp\/v2\/media?parent=18968"}],"wp:term":[{"taxonomy":"product_brand","embeddable":true,"href":"https:\/\/packmarkt.com\/sq\/wp-json\/wp\/v2\/product_brand?post=18968"},{"taxonomy":"product_cat","embeddable":true,"href":"https:\/\/packmarkt.com\/sq\/wp-json\/wp\/v2\/product_cat?post=18968"},{"taxonomy":"product_tag","embeddable":true,"href":"https:\/\/packmarkt.com\/sq\/wp-json\/wp\/v2\/product_tag?post=18968"}],"curies":[{"name":"wp","href":"https:\/\/api.w.org\/{rel}","templated":true}]}}

Pjatë e cekët terrakotë natyrale 1400ml

<p>Enë qeramike me cilësi të lartë, të disponueshme në një shumëllojshmëri nuancash ngjyrash me glazurë. Projektuar për përdorim praktik dhe qëndrueshmëri, të përshtatshme për servirjen, prezantimin dhe ruajtjen e ushqimit. Ideale për ambiente profesionale, si restorante dhe kafene, por edhe për përdorim shtëpiak.  </p>
<p><strong>Karakteristika dhe Përfitime</strong></p>
<ul>
<li><strong>Shpërndarje uniforme e nxehtësisë:</strong> Mban temperaturë konstante, ideale për ruajtjen e freskisë së ushqimit.</li>
<li><strong>Ruajtje natyrale e lagështisë:</strong> Parandalon tharjen, duke i mbajtur ushqimet të lëngshme dhe të shijshme.</li>
<li><strong>Ruajtja e lëndëve ushqyese:</strong> Kontribuon në ruajtjen e vitaminave dhe mineraleve.</li>
<li><strong>Jo-toksicitet dhe siguri:</strong> Prodhuar nga materiale 100% natyrale, pa substanca të dëmshme.</li>
<li><strong>Efikasitet energjetik:</strong> Mban temperaturën më gjatë, duke reduktuar konsumin e energjisë.</li>
<li><strong>Harmoni estetike dhe traditë:</strong> Sjell ngrohtësi dhe elegancë në servirje dhe ruajtje.</li>
<li><strong>Ndërgjegjësim ekologjik:</strong> Materiale të riciklueshme dhe të qëndrueshme, miqësore me mjedisin.</li>
<li><strong>Shumëfunksionalitet:</strong> E përshtatshme për përdorim në furrë, pllakë gatimi, zjarr të hapur dhe ruajtje ushqimi.</li>
<li><strong>Qëndrueshmëri dhe jetëgjatësi:</strong> Ideale për përdorim të vazhdueshëm, afatgjatë shtëpiak dhe profesional.</li>
</ul>
<p><strong>Specifikime Teknike</strong></p>
<ul>
<li><strong>Finitura:</strong> glazurë e jashtme dhe e brendshme</li>
<li><strong>Dimensionet:</strong> 28x2cm</li>
<li><strong>Kapaciteti:</strong> 1400ml</li>
</ul>
<p><strong>Aplikimet</strong></p>
<ul>
<li>Servirje ushqimesh dhe ëmbëlsirash</li>
<li>Prezantim i pjatave në restorante, kafene dhe hotele</li>
<li>Përdorim në shtëpi për tavolinë të përditshme ose festive</li>
<li>Enë dekorative dhe ruajtëse</li>
</ul>
<p>&nbsp;</p>

<p><strong>Kodi:</strong> REF272<br />
<strong>Finitura:</strong> glazurë e jashtme dhe e brendshme<br />
<strong>Dimensionet:</strong> 28x2cm<br />
<strong>Kapaciteti:</strong> 1400ml<br />
<strong>Paketimi:</strong> 6 copë / kuti<br />
<strong>Copë / paletë:</strong> 600 copë</p>
